culate the remainder when 2767 is divided by 5.
2
What is the remainder when 1262 is divided by 419?
5
What is the remainder when 1598 is divided by 100?
98
What is the remainder when 145 is divided by 43?
16
Calculate the remainder when 758 is divided by 19.
17
What is the remainder when 49 is divided by 43?
6
Calculate the remainder when 2088 is divided by 34.
14
Calculate the remainder when 39 is divided by 21.
18
Calculate the remainder when 438 is divided by 49.
46
Calculate the remainder when 592 is divided by 7.
4
What is the remainder when 938 is divided by 237?
227
What is the remainder when 4842 is divided by 85?
82
Calculate the remainder when 5243 is divided by 22.
7
What is the remainder when 460 is divided by 29?
25
What is the remainder when 119 is divided by 51?
17
What is the remainder when 2699 is divided by 75?
74
What is the remainder when 2022 is divided by 59?
16
Calculate the remainder when 430 is divided by 18.
16
What is the remainder when 405 is divided by 58?
57
What is the remainder when 482 is divided by 54?
50
Calculate the remainder when 2939 is divided by 20.
19
What is the remainder when 801 is divided by 778?
23
What is the remainder when 222 is divided by 8?
6
What is the remainder when 719 is divided by 36?
35
Calculate the remainder when 120 is divided by 5.
0
What is the remainder when 318 is divided by 107?
104
What is the remainder when 3888 is divided by 85?
63
Calculate the remainder when 2607 is divided by 30.
27
What is the remainder when 1210 is divided by 82?
62
What is the remainder when 1240 is divided by 23?
21
Calculate the remainder when 709 is divided by 71.
70
What is the remainder when 299 is divided by 291?
8
What is the remainder when 5038 is divided by 296?
6
What is the remainder when 4002 is divided by 91?
89
Calculate the remainder when 697 is divided by 36.
13
What is the remainder when 149 is divided by 10?
9
Calculate the remainder when 49 is divided by 15.
4
What is the remainder when 957 is divided by 99?
66
What is the remainder when 94 is divided by 14?
10
What is the remainder when 1326 is divided by 523?
280
What is the remainder when 114 is divided by 33?
15
Calculate the remainder when 3418 is divided by 1692.
34
Calculate the remainder when 132 is divided by 41.
9
Calculate the remainder when 492 is divided by 99.
96
Calculate the remainder when 918 is divided by 8.
6
What is the remainder when 596 is divided by 30?
26
What is the remainder when 1437 is divided by 16?
13
Calculate the remainder when 506 is divided by 87.
71
What is the remainder when 221 is divided by 63?
32
What is the remainder when 865 is divided by 87?
82
What is the remainder when 231 is divided by 109?
13
What is the remainder when 103 is divided by 31?
10
What is the remainder when 987 is divided by 23?
21
What is the remainder when 2941 is divided by 19?
15
Calculate the remainder when 182 is divided by 52.
26
Calculate the remainder when 443 is divided by 3.
2
What is the remainder when 863 is divided by 24?
23
What is the remainder when 183 is divided by 62?
59
Calculate the remainder when 230 is divided by 101.
28
Calculate the remainder when 109 is divided by 56.
53
What is the remainder when 47 is divided by 14?
5
Calculate the remainder when 10466 is divided by 9.
8
Calculate the remainder when 152 is divided by 9.
8
Calculate the remainder when 841 is divided by 106.
99
What is the remainder when 273 is divided by 92?
89
What is the remainder when 24 is divided by 13?
11
Calculate the remainder when 6693 is divided by 216.
213
Calculate the remainder when 186 is divided by 21.
18
Calculate the remainder when 32 is divided by 18.
14
Calculate the remainder when 279 is divided by 35.
34
What is the remainder when 81 is divided by 25?
6
Calculate the remainder when 453 is divided by 91.
89
Calculate the remainder when 552 is divided by 18.
12
What is the remainder when 858 is divided by 20?
18
Calculate the remainder when 31 is divided by 2.
1
What is the remainder when 534 is divided by 11?
6
What is the remainder when 656 is divided by 27?
8
What is the remainder when 746 is divided by 92?
10
What is the remainder when 174 is divided by 18?
12
Calculate the remainder when 966 is divided by 8.
6
Calculate the remainder when 809 is divided by 15.
14
Calculate the remainder when 217 is divided by 32.
25
What is the remainder when 243 is divided by 64?
51
Calculate the remainder when 120 is divided by 13.
3
What is the remainder when 2848 is divided by 37?
36
What is the remainder when 63 is divided by 13?
11
Calculate the remainder when 2765 is divided by 6.
5
What is the remainder when 194 is divided by 14?
12
Calculate the remainder when 196 is divided by 115.
81
Calculate the remainder when 57177 is divided by 113.
112
Calculate the remainder when 692 is divided by 100.
92
What is the remainder when 426 is divided by 13?
10
Calculate the remainder when 565 is divided by 197.
171
Calculate the remainder when 14554 is divided by 12.
10
Calculate the remainder when 74 is divided by 31.
12
What is the remainder when 790 is divided by 257?
19
Calculate the remainder when 418 is divided by 28.
26
Calculate the remainder when 107 is divided by 22.
19
Calculate the remainder when 67 is divided by 10.
7
Calculate the remainder when 1154 is divided by 29.
23
Calculate the remainder when 84 is divided by 6.
0
Calculate the remainder when 959 is divided by 30.
29
Calculate the remainder when 317 is divided by 20.
17
What is the remainder when 189 is divided by 32?
29
Calculate the remainder when 793 is divided by 389.
15
What is the remainder when 68 is divided by 23?
22
Calculate the remainder when 240 is divided by 20.
0
What is the remainder when 52 is divided by 28?
24
Calculate the remainder when 648 is divided by 9.
0
What is the remainder when 203 is divided by 3?
2
What is the remainder when 328 is divided by 47?
46
What is the remainder when 1430 is divided by 405?
215
What is the remainder when 621 is divided by 232?
157
Calculate the remainder when 2548 is divided by 88.
84
Calculate the remainder when 15198 is divided by 5.
3
Calculate the remainder when 1452 is divided by 13.
9
Calculate the remainder when 108 is divided by 31.
15
What is the remainder when 169 is divided by 160?
9
Calculate the remainder when 1033 is divided by 74.
71
Calculate the remainder when 630 is divided by 53.
47
What is the remainder when 98 is divided by 40?
18
Calculate the remainder when 1169 is divided by 30.
29
Calculate the remainder when 82 is divided by 18.
10
What is the remainder when 2044 is divided by 128?
124
What is the remainder when 3489 is divided by 194?
191
Calculate the remainder when 45 is divided by 10.
5
Calculate the remainder when 873 is divided by 98.
89
What is the remainder when 82 is divided by 31?
20
What is the remainder when 1071 is divided by 37?
35
What is the remainder when 153 is divided by 12?
9
What is the remainder when 603 is divided by 63?
36
What is the remainder when 233 is divided by 57?
5
Calculate the remainder when 68 is divided by 38.
30
Calculate the remainder when 332 is divided by 51.
26
What is the remainder when 441 is divided by 1?
0
What is the remainder when 488 is divided by 13?
7
What is the remainder when 327 is divided by 33?
30
What is the remainder when 741 is divided by 46?
5
Calculate the remainder when 270 is divided by 17.
15
Calculate the remainder when 977 is divided by 268.
173
What is the remainder when 297 is divided by 23?
21
Calculate the remainder when 4165 is divided by 1381.
22
Calculate the remainder when 145 is divided by 63.
19
Calculate the remainder when 184 is divided by 70.
44
Calculate the remainder when 145 is divided by 28.
5
What is the remainder when 696 is divided by 99?
3
What is the remainder when 1108 is divided by 53?
48
Calculate the remainder when 216 is divided by 131.
85
Calculate the remainder when 1088 is divided by 135.
8
What is the remainder when 79 is divided by 3?
1
Calculate the remainder when 24 is divided by 15.
9
Calculate the remainder when 25 is divided by 6.
1
Calculate the remainder when 1631 is divided by 102.
101
Calculate the remainder when 269 is divided by 15.
14
Calculate the remainder when 846